 is the tens digit of 2554?
5
What is the ten thousands digit of 17996?
1
What is the ten thousands digit of 29733?
2
What is the hundreds digit of 3191?
1
What is the tens digit of 1080?
8
What is the units digit of 24393?
3
What is the units digit of 931?
1
What is the hundreds digit of 1575?
5
What is the units digit of 27086?
6
What is the ten thousands digit of 38946?
3
What is the ten thousands digit of 74809?
7
What is the thousands digit of 2006?
2
What is the tens digit of 3418?
1
What is the units digit of 2928?
8
What is the units digit of 99019?
9
What is the hundreds digit of 3481?
4
What is the hundreds digit of 34597?
5
What is the hundreds digit of 9967?
9
What is the hundreds digit of 784?
7
What is the units digit of 643?
3
What is the units digit of 3225?
5
What is the hundreds digit of 1545?
5
What is the units digit of 3342?
2
What is the tens digit of 1161?
6
What is the tens digit of 3539?
3
What is the thousands digit of 17149?
7
What is the units digit of 6573?
3
What is the hundreds digit of 29961?
9
What is the thousands digit of 72007?
2
What is the hundreds digit of 23947?
9
What is the thousands digit of 17922?
7
What is the hundreds digit of 4447?
4
What is the hundreds digit of 15342?
3
What is the thousands digit of 1543?
1
What is the hundreds digit of 1200?
2
What is the tens digit of 1269?
6
What is the thousands digit of 48078?
8
What is the tens digit of 9705?
0
What is the thousands digit of 1356?
1
What is the thousands digit of 2245?
2
What is the tens digit of 2826?
2
What is the hundreds digit of 3388?
3
What is the tens digit of 8075?
7
What is the tens digit of 4277?
7
What is the thousands digit of 9930?
9
What is the thousands digit of 1752?
1
What is the thousands digit of 1771?
1
What is the ten thousands digit of 29921?
2
What is the tens digit of 2000?
0
What is the units digit of 767?
7
What is the units digit of 7461?
1
What is the thousands digit of 2255?
2
What is the tens digit of 2155?
5
What is the ten thousands digit of 39135?
3
What is the units digit of 47?
7
What is the thousands digit of 30839?
0
What is the tens digit of 27429?
2
What is the hundreds digit of 42630?
6
What is the tens digit of 763?
6
What is the ten thousands digit of 17997?
1
What is the units digit of 10571?
1
What is the thousands digit of 17347?
7
What is the units digit of 2984?
4
What is the tens digit of 62894?
9
What is the tens digit of 6144?
4
What is the hundreds digit of 64189?
1
What is the hundreds digit of 144891?
8
What is the thousands digit of 3518?
3
What is the units digit of 11059?
9
What is the hundreds digit of 8863?
8
What is the hundreds digit of 647?
6
What is the hundreds digit of 8776?
7
What is the thousands digit of 70601?
0
What is the ten thousands digit of 30456?
3
What is the thousands digit of 4971?
4
What is the tens digit of 1500?
0
What is the tens digit of 2000?
0
What is the thousands digit of 3637?
3
What is the tens digit of 381?
8
What is the tens digit of 5830?
3
What is the units digit of 8467?
7
What is the tens digit of 3028?
2
What is the tens digit of 132498?
9
What is the tens digit of 5516?
1
What is the tens digit of 869?
6
What is the hundreds digit of 44521?
5
What is the hundreds digit of 97218?
2
What is the tens digit of 3188?
8
What is the units digit of 310?
0
What is the units digit of 12297?
7
What is the units digit of 580?
0
What is the tens digit of 66236?
3
What is the hundreds digit of 7453?
4
What is the units digit of 42576?
6
What is the hundreds digit of 6680?
6
What is the thousands digit of 14596?
4
What is the thousands digit of 20605?
0
What is the hundreds digit of 653?
6
What is the units digit of 33792?
2
What is the hundreds digit of 937?
9
What is the thousands digit of 1150?
1
What is the thousands digit of 30306?
0
What is the units digit of 382?
2
What is the hundreds digit of 723?
7
What is the hundreds digit of 104208?
2
What is the ten thousands digit of 30431?
3
What is the thousands digit of 2528?
2
What is the hundreds digit of 64004?
0
What is the ten thousands digit of 75796?
7
What is the ten thousands digit of 30528?
3
What is the thousands digit of 5813?
5
What is the thousands digit of 89315?
9
What is the tens digit of 86256?
5
What is the thousands digit of 134454?
4
What is the thousands digit of 7463?
7
What is the thousands digit of 14385?
4
What is the tens digit of 18943?
4
What is the hundreds digit of 78815?
8
What is the hundreds digit of 72793?
7
What is the tens digit of 10376?
7
What is the ten thousands digit of 125262?
2
What is the tens digit of 1137?
3
What is the thousands digit of 64708?
4
What is the units digit of 535?
5
What is the hundreds digit of 346?
3
What is the hundreds digit of 772?
7
What is the ten thousands digit of 45523?
4
What is the tens digit of 91772?
7
What is the units digit of 80958?
8
What is the tens digit of 11932?
3
What is the hundreds digit of 168?
1
What is the hundreds digit of 666?
6
What is the hundreds digit of 16534?
5
What is the tens digit of 626?
2
What is the hundreds digit of 369?
3
What is the units digit of 89?
9
What is the hundreds digit of 7315?
3
What is the hundreds digit of 10769?
7
What is the ten thousands digit of 145485?
4
What is the ten thousands digit of 68085?
6
What is the tens digit of 743?
4
What is the hundreds digit of 29565?
5
What is the hundreds digit of 5081?
0
What is the hundreds digit of 4555?
5
What is the tens digit of 137502?
0
What is the thousands digit of 36269?
6
What is the hundred thousands digit of 110948?
1
What is the ten thousands digit of 26169?
2
What is the thousands digit of 3024?
3
What is the hundreds digit of 5700?
7
What is the hundreds digit of 611?
6
What is the thousands digit of 8855?
8
What is the units digit of 612?
2
What is the thousands digit of 2634?
2
What is the hundreds digit of 176?
1
What is the thousands digit of 27985?
7
What is the tens digit of 14358?
5
What is the hundreds digit of 26773?
7
What is the hundreds digit of 1835?
8
What is the tens digit of 617?
1
What is the hundreds digit of 55582?
5
What is the hundreds digit of 21284?
2
What is the units digit of 110985?
5
What is the ten thousands digit of 40363?
4
What is the units digit of 117744?
4
What is the ten thousands digit of 12188?
1
What is the units digit of 112051?
1
What is the units digit of 3292?
2
What is the hundreds digit of 1071?
0
What is the tens digit of 128429?
2
What is the thousands digit of 16266?
6
What is the units digit of 427?
7
What is the tens digit of 707?
0
What is the tens digit of 1383?
8
What is the units digit of 682?
2
What is the tens digit of 28652?
5
What is the units digit of 41483?
3
What is the units digit of 2211?
1
What is the thousands digit of 16619?
6
What is the tens digit of 14565?
6
What is the thousands digit of 57403?
7
What is the tens digit of 230?
3
What is the tens digit of 1195?
9
What is the tens digit of 5465?
6
What is the units digit of 2589?
9
What is the hundreds digit of 112?
1
What is the tens digit of 1084?
8
What is the units digit of 197?
7
What is the hundreds digit of 14000?
0
What is the thousands digit of 68202?
8
What is the ten thousands digit of 52359?
5
What is the hundreds digit of 7286?
2
What is the thousands digit of 38427?
8
What is the tens digit of 485?
8
What is the hundreds digit of 2779?
7
What is the tens digit of 3169?
6
What is the tens digit of 6410?
1
What is the units digit of 7?
7
What is the hundreds digit of 916?
9
What is the tens digit of 184183?
8
What is the hundreds digit of 42917?
9
What is the units digit of 61675?
5
What is the tens digit of 818?
1
What is the units digit of 5172?
2
What is the units digit of 22942?
2
What is the hundreds digit of 7211?
2
What is the ten thousands digit of 72695?
7
What is the ten thousands digit of 70728?
7
What is the units digit of 77760?
0
What is the ten thousands digit of 94345?
9
What is the units digit of 9228?
8
What is the units digit of 1947?
7
What is the tens digit of 13113?
1
What is the thousands digit of 6443?
6
What is the tens digit of 32573?
7
What is the hundreds digit of 179?
1
What is the hundreds digit of 32186?
1
What is the hundreds digit of 724?
7
What is the units digit of 2